= 2*y**3 - 10*y**2 - 10*y - 1. Is o(9) a composite number?
False
Let i be 0 - (-50 - (3 - 4)). Let l = 16 + i. Is l a prime number?
False
Let g = 26 - 23. Suppose -9 = g*a, -5*x - 5*a = -689 - 426. Is x prime?
False
Let f(g) be the third derivative of -g**4/3 - g**3/6 + 3*g**2. Let r be f(-1). Let a = r - -4. Is a composite?
False
Let i(l) = 110*l**2 + l - 16. Is i(3) composite?
False
Suppose -7 = 4*q + 3*v, v + 20 = -3*v. Suppose q*k - 5 = 1. Is k composite?
False
Let j(g) be the third derivative of -g**4/24 - g**2. Let p be j(-3). Suppose -5*b - 4*a + 3*a = -15, p*b - 9 = -3*a. Is b a composite number?
False
Suppose 0 = -5*v - 0 - 5. Let j = 2 + v. Is (-1)/1 + (51 - j) a composite number?
True
Let w(s) = -s**3 - 6*s**2 - 3*s + 4. Let d be w(-5). Let p be (-1 - 0)*(d - -1). Suppose -p*g + 76 = -g. Is g composite?
False
Suppose -2 = 2*s - 4. Is 50/(s - (-2 - -1)) prime?
False
Let c(i) be the third derivative of i**6/120 - 7*i**5/60 + 2*i**3/3 - 3*i**2. Let v be c(7). Suppose 2*k = -4*r + 82, k - v*r = -k + 42. Is k prime?
True
Suppose 4*q + 2 + 3 = 3*c, 0 = -c + 3*q - 5. Let o(j) = -4*j - 1 + j**2 - c*j**2 - j**3 - 2*j**3. Is o(-4) a prime number?
False
Suppose -13*v - 1582 = -15*v. Is v composite?
True
Let c be (1 - -1)*(-11)/(-22). Let b(o) = -3*o + 30*o**3 + o + 3*o. Is b(c) composite?
False
Let i = 2024 + -664. Is i/12 - 1/3 prime?
True
Suppose -4*f + 0*i - 2*i = -4, 4*i = 4*f + 8. Suppose f = -3*m + 2*l + 123, -4*l - l = -15. Is m composite?
False
Let t(a) = 12*a**3 - 4*a**2 + 3*a - 1. Let v be t(2). Let z be 16/(-20)*(-15)/2. Let x = v - z. Is x a composite number?
False
Suppose 3*o = h - 14 - 7, 3*o = -3*h + 15. Is (-8 + h)/(1/26) a prime number?
False
Suppose 2*p = 3 + 5. Suppose -p*j = -186 - 130. Is j prime?
True
Suppose 0 = 2*m - u - 5 - 1, -3*m + 3*u = -12. Suppose -3*c - 155 = m*c. Let r = -10 - c. Is r a prime number?
False
Let m(o) = 2*o**2. Let i be m(-1). Is (-58 - 4)*(-1)/i a composite number?
False
Let k = -4953 - -8406. Is k a prime number?
False
Suppose -84 = -4*q - 2*a, 0 = -q - 3*q - 4*a + 84. Is q a prime number?
False
Suppose 3*l - 1878 = 5*x, -2*l - 2*x + 1259 = -3*x. Is l a composite number?
False
Suppose -3*y + 3 = 2*i - 0, -5*i - 12 = y. Let r be 3*(i + -81 - -1). Is (-5 - -4)*(r - 2) composite?
False
Let d = -18 + -5. Let r = d + 120. Is r composite?
False
Let w(t) = t**2 + 2*t - 3. Let s be w(-3). Let p(f) = -f**2 + f + 1. Let r be p(s). Is 51 - ((0 - 3) + r) composite?
False
Let v(w) = -3*w**3 - 3*w**2 + 6*w - 4. Suppose 2*t - 35 = 5*y, -2*y - 4*t = t - 15. Let b be v(y). Let m = b + -103. Is m prime?
True
Let d(j) = j - 3. Let m be d(6). Is -2 - m*(2 + -13) a composite number?
False
Let j be (-2)/(-6) - (-4)/6. Let q = j + 2. Suppose -3*o + 5*y = 16 - 59, -q*o + 71 = 2*y. Is o prime?
False
Is 30483/18 - (-1)/(-2) a composite number?
False
Is -2 + -10*188/(-8) prime?
True
Suppose -p + 1 + 2 = 0. Let s(q) = 5*q**2 - 5*q + 3. Is s(p) a prime number?
False
Let p(l) = l**2 - 5*l + 4. Let y be p(5). Suppose c + y*o - 114 = -c, -o = 5*c - 276. Is c prime?
False
Let j(x) = 101*x**3 + x**2 - 3*x + 6. Is j(3) a composite number?
True
Let y = 70 - 102. Is 2/((y/508)/(-4)) a prime number?
True
Let a(l) = 2*l - 2*l**2 + 3*l**2 + 43 - 2*l. Is a(0) prime?
True
Suppose -5 = 2*a - 13, -2*w = -3*a + 8. Suppose v - 4*n - n - 232 = 0, -1241 = -5*v - w*n. Is v composite?
True
Is (76*-2)/((-16)/56) - -1 composite?
True
Suppose -156 = -4*t + t. Let i = t + -17. Is i a prime number?
False
Let z = -652 - -1461. Is z composite?
False
Let y = -4 + -4. Let n(s) = 2*s**2 + 4*s - s**2 - 6*s + 11 + s. Is n(y) a composite number?
False
Suppose 3*v - 2*v - 18 = 0. Let w = v - -25. Is w prime?
True
Let o be (2/4)/((-4)/(-384)). Suppose 0 = -2*a - x + o, -4*a + x = -0*x - 90. Is a prime?
True
Let n be (2 + -3)*(-116)/2. Suppose 2*s + 4*c = n, -3*s = -3*c - c - 117. Is s a composite number?
True
Suppose 6*f - 4*f - 10514 = 0. Is f prime?
False
Suppose 2*i + 4*s - 46 = 0, 4*i = -3*s + 157 - 40. Is i prime?
False
Suppose 0 = 4*g - 1197 - 1031. Is g composite?
False
Suppose 2*a + 102 = -a. Let h = 56 + a. Is h prime?
False
Let l(q) = q + 14. Let x be l(-10). Suppose x*z - 28 - 432 = 0. Is z prime?
False
Let c(g) = -10*g + 5. Let q be c(4). Let d = 18 - q. Is d a prime number?
True
Let d be 2*(-1)/(-2) + -2. Is -4 - d - (-94 + 2) prime?
True
Suppose -3*h + 323 = -1930. Is h composite?
False
Let w = 7 - 0. Suppose -4*x = d - w, -4*d = 5*x - 6*d - 25. Is x + (4 - 1 - -17) composite?
False
Let w(n) = 666*n**2 + 5. Is w(3) a prime number?
False
Let x = 0 + 0. Suppose 2*h + h - 3 = x. Suppose i + h - 8 = -4*r, -2*i = -3*r - 25. Is i a composite number?
False
Let l = -769 - -2718. Is l a prime number?
True
Suppose 0 = 4*m - 3*b - 2237, -2773 = -5*m + b - 5*b. Is m composite?
False
Is 5/(-1)*(-170)/25 a composite number?
True
Let x(u) = -2*u**3 - 16*u**2 - 25*u - 2. Let l(b) = b**3 + 8*b**2 + 12*b + 1. Let f(g) = -9*l(g) - 4*x(g). Let v be f(-7). Is 3/v + (-253)/(-2) prime?
True
Let t(u) = -u**3 + u**2 + u - 2. Let d be t(-2). Suppose 4*y = -4*p + 20, 0 = -5*p + d - 18. Let c = -4 + y. Is c composite?
False
Let n(y) = -y**3 - 7*y**2 - 2*y - 4. Let f = 7 - 14. Is n(f) composite?
True
Let r(s) = -s + 13. Let l be r(13). Let y(w) = w**3 + 17. Let z be y(l). Suppose n - z - 42 = 0. Is n composite?
False
Let p be (-1 - 2) + (-2 - 78). Let u = p - -116. Is u a prime number?
False
Suppose -22*z + 5 = -21*z. Suppose -5*p + 1257 = -c, -2*p + p - z*c = -241. Is p prime?
True
Let v = -2935 - -4154. Is v prime?
False
Is (1/(-2))/(4/(-14776)) prime?
True
Suppose 0 = b + 2*b. Suppose 205 = d - b. Is d prime?
False
Suppose 0*k - 3*a = -2*k + 11323, k - 5668 = -5*a. Is k composite?
True
Suppose -g + 3*y = -5*g + 1661, -y = -2*g + 843. Is g a composite number?
False
Let g = -6 - -4. Let w be (20/(-8))/(1/g). Suppose w*v = 2*v + 18. Is v a composite number?
True
Suppose h - d - 1 - 4 = 0, -5*h + 4*d = -21. Let z be (-1 - 166*-2) + h. Suppose 4*a + 0*a = z. Is a composite?
False
Suppose -82 = 5*d - 4*g, 3*g + 89 = -4*d + 11. Let o be (d/4)/((-6)/(-16)). Let u = 21 - o. Is u a composite number?
True
Suppose o + 2*m - 6*m = 26, -5*o = 2*m - 20. Let d be 8/o*(-21)/(-2). Suppose 0 = y - 2*y + d. Is y composite?
True
Suppose -3*t = -4*w - 177 - 45, 3*w + 219 = 3*t. Is 2114/10 + (-28)/t a composite number?
False
Let c(g) = 35*g**2. Let x = 3 + -4. Let j be c(x). Let t = j + -20. Is t a prime number?
False
Suppose -4*z - 10 - 2 = -h, h + 28 = -4*z. Is h/(-6)*69/2 prime?
False
Suppose -2*w = -5*w + 24. Let m = 15 - w. Is m composite?
False
Suppose -144 = 2*z + 3*g, -g + 1 = 5. Let p = 119 + z. Is p a prime number?
True
Let d = 349 + -80. Is d a prime number?
True
Suppose -4*k = 151 - 51. Is 446/5 + 5/k a composite number?
False
Let l = 758 - 420. Let j = l - 129. Is j a prime number?
False
Suppose 5*k + 5*p = 11435, -4*k - p = p - 9156. Is k composite?
True
Suppose 37 + 73 = 3*w + t, 5*w + t = 184. Is w prime?
True
Let c(s) = -s**3 + s - 24. Let y be c(0). Let b be (7/(-3))/(2/y). Let p = 21 + b. Is p a composite number?
True
Suppose -4*g = -2*g - 310. Suppose 0 = 4*s + s - g. Is s a prime number?
True
Let w(v) = 30*v**2 + v. Let a be w(4). Let n = a - 290. Is n prime?
False
Suppose 0 = 2*k + 246 - 836. Is k prime?
False
Let b(z) = 2*z**2 - 4*z - 4. Let k be b(-8). Let h = -67 + k. Is h a prime number?
True
Let z be ((-1)/2)/(1/(-6)). Let k = -1 + z. Suppose -n - b = n - 250, 8 = -k*b. Is n a composite number?
False
Let b be (3/12)/((-2)/(-56)). Let y(o) = -o - 1. Let z(f) = -8*f + 11. Let w(d) = -5*y(d) - z(d). Is w(b) composite?
True
Let y = -730 - -1029. Is y prime?
False
Let t = 1144 + -665. Is t prime?
True
Suppose 0 = 3*q + 5*k - 70, 4 + 1 = k. Let a = q - -52. Is a a composite number?
False
Let f(s) = -2*s - 3*s - 1 + 2*s + 21*s**2. Suppose 0 = -2*w - 0 - 4. Is f(w) a composite number?
False
Suppose 3*p + 177 = 6*p. Is p a prime number?
True
Let j(n) = -917*n**3 + n**2 - n - 2. Is j(-1) composite?
True
Let n = -11 + 21. Let a = -7 + n. Suppose y = -a*y + 196. Is y a composite number?
True
Let t = -611 - -1090. Is t composite?
False
Suppose 4*i = -i + 35. Is ((-1)/(-4))/(i/16772) a prime number?
True
Is (-2)/7 + (-5)/(105/(-52569)) a prime number?
True
Let r be 12/(-10) + 